13, 25997
What are the prime factors of 1203972?
2, 3, 7, 11, 1303
List the prime factors of 553706.
2, 251, 1103
What are the prime factors of 10641738?
2, 3, 401, 4423
List the prime factors of 542337.
3, 180779
List the prime factors of 261773.
261773
List the prime factors of 2368944.
2, 3, 16451
What are the prime factors of 2735240?
2, 5, 19, 59, 61
What are the prime factors of 9616810?
2, 5, 7, 137383
What are the prime factors of 14298724?
2, 11, 37, 8783
List the prime factors of 999598.
2, 113, 4423
List the prime factors of 2479170.
2, 3, 5, 23, 3593
List the prime factors of 2510789.
2510789
What are the prime factors of 1794826?
2, 11, 17, 4799
List the prime factors of 3305466.
2, 3, 183637
What are the prime factors of 90751?
151, 601
List the prime factors of 301687.
29, 101, 103
What are the prime factors of 128099?
128099
List the prime factors of 10490.
2, 5, 1049
List the prime factors of 656744.
2, 11, 17, 439
What are the prime factors of 5961148?
2, 1490287
What are the prime factors of 14484402?
2, 3, 804689
List the prime factors of 1602228.
2, 3, 133519
List the prime factors of 260420.
2, 5, 29, 449
What are the prime factors of 2009907?
3, 74441
List the prime factors of 223191.
3, 24799
List the prime factors of 9926789.
31, 320219
What are the prime factors of 422900?
2, 5, 4229
List the prime factors of 4029578.
2, 7, 17, 16931
List the prime factors of 1255904.
2, 13, 3019
List the prime factors of 4346409.
3, 1448803
What are the prime factors of 5546190?
2, 3, 5, 13, 14221
List the prime factors of 1906105.
5, 381221
What are the prime factors of 24794725?
5, 53, 18713
List the prime factors of 15188.
2, 3797
What are the prime factors of 1184334?
2, 3, 197389
List the prime factors of 1190649.
3, 396883
What are the prime factors of 9730317?
3, 113, 28703
List the prime factors of 418353.
3, 13, 17, 631
What are the prime factors of 90142?
2, 13, 3467
What are the prime factors of 4592137?
11, 229, 1823
List the prime factors of 314917.
314917
List the prime factors of 13041053.
107, 307, 397
What are the prime factors of 1798978?
2, 487, 1847
List the prime factors of 433501.
433501
List the prime factors of 5136905.
5, 659, 1559
List the prime factors of 1197196.
2, 7, 11, 13, 23
List the prime factors of 7260691.
7260691
List the prime factors of 26969356.
2, 83, 81233
What are the prime factors of 11331394?
2, 1907, 2971
What are the prime factors of 1555226?
2, 19, 40927
What are the prime factors of 492098?
2, 246049
List the prime factors of 14814511.
241, 61471
What are the prime factors of 109139?
109139
List the prime factors of 94031.
7, 19, 101
List the prime factors of 1220064.
2, 3, 71, 179
What are the prime factors of 177303?
3, 7, 8443
What are the prime factors of 3682331?
113, 32587
What are the prime factors of 562843?
281, 2003
What are the prime factors of 15533197?
137, 113381
List the prime factors of 2579561.
937, 2753
List the prime factors of 176389.
176389
What are the prime factors of 316721?
367, 863
List the prime factors of 2645197.
41, 149, 433
What are the prime factors of 397576?
2, 49697
List the prime factors of 111527.
13, 23, 373
List the prime factors of 7421663.
23, 223, 1447
List the prime factors of 2909865.
3, 5, 7, 37, 107
List the prime factors of 10265455.
5, 2053091
What are the prime factors of 2028047?
7, 289721
List the prime factors of 392622.
2, 3, 65437
What are the prime factors of 826101?
3, 19, 4831
What are the prime factors of 642851?
11, 58441
What are the prime factors of 117107?
181, 647
What are the prime factors of 6063646?
2, 3031823
What are the prime factors of 10460352?
2, 3, 7, 43, 181
What are the prime factors of 479375?
5, 13, 59
What are the prime factors of 848976?
2, 3, 23, 769
What are the prime factors of 791563?
791563
List the prime factors of 125459.
109, 1151
List the prime factors of 21626.
2, 11, 983
What are the prime factors of 190214?
2, 95107
What are the prime factors of 716822?
2, 17, 29, 727
List the prime factors of 28540831.
11, 19, 136559
What are the prime factors of 84875?
5, 7, 97
What are the prime factors of 57844?
2, 14461
List the prime factors of 265274.
2, 132637
List the prime factors of 386672.
2, 11, 13
List the prime factors of 5560311.
3, 373, 4969
List the prime factors of 476660.
2, 5, 23833
What are the prime factors of 14759392?
2, 83, 5557
What are the prime factors of 22239167?
22239167
List the prime factors of 13248267.
3, 4416089
List the prime factors of 402962.
2, 7, 107, 269
List the prime factors of 113969.
113969
List the prime factors of 212223.
3, 11, 59, 109
What are the prime factors of 725528?
2, 89, 1019
List the prime factors of 422730.
2, 3, 5, 7, 11, 61
List the prime factors of 1008433.
1008433
What are the prime factors of 300795?
3, 5, 11, 1823
What are the prime factors of 1074802?
2, 537401
What are the prime factors of 126381?
3, 103, 409
What are the prime factors of 2390938?
2, 11, 191, 569
What are the prime factors of 26566?
2, 37, 359
List the prime factors of 3543496.
2, 11, 67, 601
What are the prime factors of 1576058?
2, 11, 71, 1009
List the prime factors of 11718681.
3, 13, 487, 617
What are the prime factors of 4849842?
2, 3, 808307
List the prime factors of 13697519.
11, 101, 12329
What are the prime factors of 165474?
2, 3, 29, 317
List the prime factors of 519661.
349, 1489
What are the prime factors of 170348?
2, 37, 1151
List the prime factors of 12168591.
3, 1877, 2161
List the prime factors of 3067702.
2, 11, 19, 41, 179
What are the prime factors of 2452730?
2, 5, 7, 37, 947
What are the prime factors of 5746095?
3, 5, 127691
List the prime factors of 781716.
2, 3, 13, 5011
List the prime factors of 5823694.
2, 2911847
What are the prime factors of 229480?
2, 5, 5737
List the prime factors of 217688.
2, 27211
What are the prime factors of 5648013?
3, 7, 37, 2423
What are the prime factors of 1715919?
3, 571973
What are the prime factors of 277431?
3, 7, 11, 1201
What are the prime factors of 9640754?
2, 199, 24223
What are the prime factors of 844155?
3, 5, 13, 37
What are the prime factors of 52211?
109, 479
List the prime factors of 121536.
2, 3, 211
What are the prime factors of 685143?
3, 269, 283
List the prime factors of 8211825.
3, 5, 36497
List the prime factors of 514094.
2, 7, 36721
What are the prime factors of 1011522?
2, 3, 19, 467
List the prime factors of 248404.
2, 13, 17, 281
List the prime factors of 9929504.
2, 13, 23869
What are the prime factors of 9716935?
5, 1943387
What are the prime factors of 102816?
2, 3, 7, 17
List the prime factors of 38238449.
79, 157, 3083
What are the prime factors of 377963?
377963
What are the prime factors of 24367554?
2, 3, 619
List the prime factors of 422560.
2, 5, 19, 139
List the prime factors of 503838.
2, 3, 23, 1217
What are the prime factors of 8051257?
8051257
What are the prime factors of 9858755?
5, 761, 2591
List the prime factors of 1285162.
2, 642581
List the prime factors of 281654.
2, 140827
List the prime factors of 274685.
5, 137, 401
List the prime factors of 9008489.
7, 19, 67733
What are the prime factors of 892711?
499, 1789
What are the prime factors of 9401202?
2, 3, 522289
What are the prime factors of 8136721?
1153, 7057
What are the prime factors of 11690893?
11690893
What are the prime factors of 1575633?
3, 263, 1997
What are the prime factors of 13346760?
2, 3, 5, 7, 15889
List the prime factors of 1928038.
2, 7, 17, 8101
List the prime factors of 469963.
13, 36151
What are the prime factors of 1015548?
2, 3, 84629
What are the prime factors of 26037?
3, 11, 263
List the prime factors of 2004063.
3, 19, 35159
List the prime factors of 1583177.
1583177
What are the prime factors of 10158069?
3, 3386023
What are the prime factors of 3633615?
3, 5, 80747
What are the prime factors of 401220?
2, 3, 5, 743
List the prime factors of 8973364.
2, 283, 7927
List the prime factors of 11509873.
1321, 8713
What are the prime factors of 43193656?
2, 11, 490837
What are the prime factors of 129042?
2, 3, 67, 107
List the prime factors of 413634.
2, 3, 13, 5303
List the prime factors of 44354.
2, 67, 331
What are the prime factors of 17482351?
1303, 13417
List the prime factors of 12